 - 1200?
-21011110000
In base 16, what is e + 2635ddf?
2635ded
In base 12, what is 409 - -5127?
5534
In base 7, what is 2563122 + 21?
2563143
In base 2, what is -101111111010110011 - 100110?
-101111111011011001
In base 9, what is -5487 - -78056?
72458
In base 2, what is -10 - 1001110001110010100?
-1001110001110010110
In base 6, what is -5 - 335243340?
-335243345
In base 12, what is 167 - 148944a?
-14892a3
In base 7, what is 322413 - -110?
322523
In base 15, what is -16b3 - 10e1?
-27a4
In base 15, what is 6 + 1a24e86?
1a24e8c
In base 10, what is 17617 - 188?
17429
In base 5, what is -1432410 + -24213?
-2012123
In base 11, what is -2a5297 + 246?
-2a5051
In base 9, what is 318 + 117148?
117467
In base 5, what is 1 - 242434224204?
-242434224203
In base 10, what is 1517 + 9839?
11356
In base 6, what is -140255 - -153?
-140102
In base 7, what is 1 - -50010120?
50010121
In base 9, what is -8421 - -602?
-7718
In base 11, what is -664a - 10a10?
-1755a
In base 12, what is 918b + 9?
9198
In base 10, what is -3376043 - -3?
-3376040
In base 3, what is 1121010010122 - -2200?
1121010020022
In base 12, what is 823a9 + -38?
82371
In base 7, what is -11 + 6224446?
6224435
In base 15, what is -3c9c + -80c?
-45a9
In base 13, what is -a058 + -4a0?
-a528
In base 8, what is 417 + 11661?
12300
In base 15, what is -b8c346e - -6?
-b8c3468
In base 10, what is -258 - 67354?
-67612
In base 5, what is -1 - 1002134202?
-1002134203
In base 11, what is 76 + -74919?
-74853
In base 15, what is 3472bd - 1?
3472bc
In base 7, what is -3111333544 - 0?
-3111333544
In base 16, what is -28ae0b + 2?
-28ae09
In base 2, what is 1101101011010000000101 - 11?
1101101011010000000010
In base 7, what is -425445 - 6410?
-435155
In base 6, what is 521 - 350532?
-350011
In base 13, what is -74 + 2a44a?
2a3a6
In base 5, what is 3 + -1122314013?
-1122314010
In base 15, what is 3 + -a8aa420?
-a8aa41c
In base 2, what is -1010 + -1001101111010111001010?
-1001101111010111010100
In base 8, what is 1245112 - -104?
1245216
In base 5, what is 2441333431 - 24?
2441333402
In base 11, what is -11971578 + 1?
-11971577
In base 7, what is 30212062 + 2?
30212064
In base 13, what is 22 - 4926c?
-4924a
In base 4, what is -1113003110120 + -121?
-1113003110301
In base 11, what is -11 + 224a683?
224a672
In base 7, what is -32 + 34326612?
34326550
In base 2, what is 1 - 1011001101111110001111111000?
-1011001101111110001111110111
In base 16, what is -e92d2 - -4f?
-e9283
In base 16, what is 7f - 16553?
-164d4
In base 13, what is 66282527 - 0?
66282527
In base 9, what is -703261 + -33?
-703304
In base 10, what is 4984 - 13893?
-8909
In base 7, what is -4550 - -22200?
14320
In base 7, what is 22 + 2563040?
2563062
In base 16, what is -197a5 - d9?
-1987e
In base 3, what is -11021002220 + 212010?
-11020020210
In base 12, what is a863 + -2b22b?
-20588
In base 6, what is -41555413323 + -3?
-41555413330
In base 10, what is 791 - -9303?
10094
In base 8, what is -15153462 + -3?
-15153465
In base 8, what is -3 - 220655623?
-220655626
In base 12, what is -13 + 11341753?
11341740
In base 12, what is 2 - -2369b93?
2369b95
In base 16, what is df + -4f5f?
-4e80
In base 14, what is -72 - 2d196?
-2d228
In base 3, what is 1222 - -22102000222?
22102002221
In base 15, what is 4b22a3 + -4e?
4b2254
In base 16, what is 1d814ff + 5?
1d81504
In base 16, what is -4 - 2abe36?
-2abe3a
In base 5, what is -31140213013 + 0?
-31140213013
In base 11, what is -1988521 + -1?
-1988522
In base 14, what is 8 - -2b8c24?
2b8c2c
In base 14, what is 2110c4 - -8?
2110cc
In base 5, what is -10214 - -21002201?
20441432
In base 14, what is -97db66 - -7?
-97db5d
In base 5, what is -13440010 - -124?
-13434331
In base 3, what is 2210022211010 - -12?
2210022211022
In base 2, what is 10000110 - -101100110100101101010?
101100110100111110000
In base 11, what is 210907a + -2?
2109078
In base 4, what is -2303032323331 + 11?
-2303032323320
In base 4, what is -331 - -102010313303?
102010312312
In base 12, what is -27223 - 1914?
-28b37
In base 6, what is 0 + -13434234440?
-13434234440
In base 3, what is 110221 - -11011120011000?
11011120121221
In base 6, what is 30030 - 2520?
23110
In base 8, what is 4703 + -366660?
-361755
In base 15, what is 20c + 20400?
2060c
In base 8, what is -140276 - 200?
-140476
In base 10, what is 27 + -2398933?
-2398906
In base 8, what is -565442 + 3701?
-561541
In base 11, what is 562a9151 + -3?
562a9149
In base 4, what is -1330132213 + 3?
-1330132210
In base 4, what is -120031113201 + 3?
-120031113132
In base 12, what is 9 - -49b2670?
49b2679
In base 12, what is -2 + 3710ba4?
3710ba2
In base 10, what is -399 + 706517?
706118
In base 3, what is -20 + 22221022211200?
22221022211110
In base 11, what is -480 + -93638?
-94008
In base 10, what is -3827553 + -32?
-3827585
In base 15, what is -190825 + -b?
-190831
In base 8, what is 6 - -11132167?
11132175
In base 14, what is -20 - 706db9?
-706dd9
In base 4, what is -21013 - -1312112?
1231033
In base 5, what is -1304 - 4144043?
-4200402
In base 5, what is 1 - -2404333342?
2404333343
In base 15, what is -d2380 - 92?
-d2422
In base 12, what is 150b923 - -9?
150b930
In base 5, what is 113430 - 11242?
102133
In base 13, what is -46537 - 42?
-46579
In base 5, what is 2 + -12432230341?
-12432230334
In base 4, what is -1210001003 + -212?
-1210001221
In base 12, what is 6a4906 + 225?
6a4b2b
In base 14, what is 862b5b - b?
862b50
In base 12, what is 32 - 2873a?
-28708
In base 11, what is -5555 + -a07?
-6461
In base 2, what is 100001101110 + 101100101010110?
110000111000100
In base 11, what is -22 + -7a596a?
-7a5991
In base 4, what is -330101022100211 - -3?
-330101022100202
In base 7, what is -3 - -4322204?
4322201
In base 15, what is -4 - e9942?
-e9946
In base 15, what is -18 - e899d?
-e89b6
In base 5, what is 41 - -11304233?
11304324
In base 7, what is -5 - -21162465?
21162460
In base 3, what is 12200202 + -1021211210?
-1002011001
In base 5, what is -404144142 + 4?
-404144133
In base 14, what is -1d - -878c70?
878c51
In base 10, what is -2 + 15877473?
15877471
In base 5, what is 10214 + -24110004?
-24044240
In base 8, what is -73230 + 1621?
-71407
In base 15, what is 69e + -20ad?
-190e
In base 4, what is 102333 + 13031131?
13200130
In base 5, what is -4 - 344421021340?
-344421021344
In base 9, what is 381 - 10280?
-8788
In base 5, what is -133421133 + -31?
-133421214
In base 2, what is 10100001111100111100100000000 + -100?
10100001111100111100011111100
In base 7, what is 20351511060 - 0?
20351511060
In base 6, what is -1142242023 - 12?
-1142242035
In base 12, what is -1739140 - 3?
-1739143
In base 8, what is -72 + 133266731?
133266637
In base 12, what is 2389 + b96?
3363
In base 15, what is -166 - -39dbba?
39da54
In base 7, what is 1 + -34041116?
-34041115
In base 7, what is 35004515 + -343?
35004142
In base 11, what is -896 - 786a?
-8655
In base 7, what is 342452 - 1640?
340512
In base 12, what is 21b595 + -655?
21ab40
In base 9, what is 23212658 - -13?
23212672
In base 15, what is 2 - -785b7ba?
785b7bc
In base 12, what is 3 - -8a249?
8a250
In base 7, what is 114115353 + 120?
114115503
In base 15, what is 285c4e47 - 3?
285c4e44
In base 6, what is -4431344104 - 0?
-4431344104
In base 4, what is -30100 - 311202031?
-311232131
In base 7, what is 13 + 465246203?
465246216
In base 7, what is 3656461201 - 5?
3656461163
In base 9, what is -46 - -11315381?
11315334
In base 15, what is 18a1 + -12?
188e
In base 3, what is 101 - -2221011110012?
2221011110120
In base 9, what is 64378080 + 3?
64378083
In base 3, what is 11 - -212102011112221?
212102011120002
In base 2, what is -101100011001 + 101010001101?
-10001100
In base 6, what is 231 - 4001242?
-4001011
In base 9, what is 452 - 606046?
-605484
In base 15, what is -249 + -ba55?
-bc9e
In base 6, what is -1031 + -225305?
-230340
In base 5, what is 10 + 201041112034?
201041112044
In base 16, what is 2766cb + -32?
276699
In base 14, what is 27a1 + 25c?
2a1d
In base 15, what is -19 + -14122?
-1413b
In base 10, what is -30 - -1322176?
1322146
In base 2, what is 100110 + -10010011011000010?
-10010011010011100
In base 11, what is 299883 + 446?
29a219
In base 10, what is -5 + -219467871?
-219467876
In base 13, what is 177c - 99c2?
-8243
In base 4, what is 3000110220 + 1?
30001